- 28445. Calculate m(-15).
10
Let r(y) = 49*y + 1153. Calculate r(-23).
26
Let h(k) = -2*k**2 + 43*k - 125. Calculate h(23).
-194
Let y(k) = -30*k + 681. Give y(23).
-9
Let a(l) = -l**3 + 5*l**2 + 10*l - 40. Calculate a(5).
10
Let p(d) = -203*d + 1017. Calculate p(5).
2
Let d(t) = 2*t**2 + 109*t + 852. Give d(-45).
-3
Let q(u) = -2652*u + 116693. Give q(44).
5
Let c(j) = 5*j**2 - 8*j - 37. What is c(7)?
152
Let l(h) = 2*h**3 - 54*h**2 - 45*h - 303. Determine l(28).
5
Let u(g) = 79*g - 32. Give u(4).
284
Let v(o) = o**2 + 24*o + 152. What is v(-7)?
33
Let f(t) = -78*t - 3268. Determine f(-42).
8
Let y(n) = -14*n**2 - 89*n + 9. What is y(-6)?
39
Let p(y) = -y**2 + 14*y + 181. Give p(22).
5
Let a(b) = -b**3 - 5*b**2 + 7*b - 35. What is a(-7)?
14
Let k(d) = 7*d**2 - 14*d - 60. Give k(6).
108
Let r(b) = -b**2 + 17*b - 1. Determine r(18).
-19
Let n(w) = 11879*w - 35633. Give n(3).
4
Let z(u) = 26*u**2 - 782*u + 31. Calculate z(31).
775
Let f(y) = -2*y**3 - 58*y**2 - 46. Give f(-29).
-46
Let f(j) = 9*j**3 + 7*j**2 - 69*j - 145. Calculate f(-2).
-51
Let b(i) = 2*i**2 - 85*i + 715. What is b(31)?
2
Let h(g) = -30*g**2 + 13*g + 6. Give h(-2).
-140
Let j(l) = 2*l**3 + 37*l**2 + 56*l + 23. What is j(-17)?
-62
Let u(t) = -2*t**3 + 57*t**2 - 80*t + 1422. What is u(28)?
-34
Let o(q) = 2*q**3 - 36*q**2 + 5*q - 24. Give o(18).
66
Let w(o) = o**3 + 6*o**2 + 6*o - 13. What is w(-3)?
-4
Let l(z) = -6*z**2 + 290*z - 75. What is l(48)?
21
Let m(l) = 17*l**2 - 491*l - 41. What is m(29)?
17
Let p(m) = -m**3 - 8*m**2 + 8*m - 105. Calculate p(-10).
15
Let w(r) = -2*r**3 + 3*r**2 - r - 4. Calculate w(0).
-4
Let x(h) = -40*h + 191. Give x(9).
-169
Let o(s) = -s**2 - 25*s - 4. Give o(-2).
42
Let r(w) = 5*w**3 + 227*w**2 - 136*w + 128. Calculate r(-46).
36
Let b(t) = 150*t - 4500. Give b(30).
0
Let x(i) = i**3 - 13*i**2 + 17*i + 152. What is x(10)?
22
Let g(z) = z**2 + 61*z + 936. What is g(-31)?
6
Let d(h) = -19*h**2 + 120*h - 235. Determine d(2).
-71
Let p(j) = -j**2 - 11*j + 381. Give p(-21).
171
Let y(z) = -2*z**3 + 3*z**2 + 16*z + 20. Calculate y(4).
4
Let l(r) = -140*r**2 - 1820*r - 6. Calculate l(-13).
-6
Let q(m) = 18*m**2 + 33*m - 5. What is q(-5)?
280
Let x(y) = y**3 - 38*y**2 - 80*y + 1. Determine x(40).
1
Let n(a) = -a**2 + 18*a + 316. What is n(25)?
141
Let q(l) = -2*l**3 - 19*l**2 - 10*l + 12. What is q(-9)?
21
Let j(w) = 3317*w - 16591. Give j(5).
-6
Let o(n) = -n**2 + 18*n + 618. Determine o(-17).
23
Let y(p) = p**3 + 2*p**2 - 20*p + 4. Determine y(2).
-20
Let x(h) = 5*h**2 + 1798*h + 1799. Determine x(-1).
6
Let a(k) = -5*k**2 - 16*k - 6. What is a(-3)?
-3
Let g(q) = -q**2 - q + 13. What is g(5)?
-17
Let q(o) = o**3 - 38*o**2 + 74*o - 220. What is q(36)?
-148
Let x(t) = 21*t + 34. Determine x(28).
622
Let s(m) = -8963*m - 152375. Determine s(-17).
-4
Let g(t) = t**2 + 16*t - 94. Determine g(-20).
-14
Let c(v) = 163*v - 492. What is c(3)?
-3
Let l(m) = 2*m**2 + 117*m - 193. Give l(-60).
-13
Let a(h) = 962*h - 66375. Give a(69).
3
Let p(h) = h**2 + 9*h - 7. Calculate p(-11).
15
Let v(z) = 3*z**2 - 178*z + 69. What is v(59)?
10
Let n(c) = 276*c + 1402. Determine n(-5).
22
Let d(a) = 5*a**2 - 424*a - 104. Determine d(85).
-19
Let z(p) = -2*p**3 + 40*p**2 + 12*p - 501. Calculate z(20).
-261
Let l(c) = -132*c - 696. What is l(-5)?
-36
Let r(l) = -l**2 - 28*l + 343. Calculate r(9).
10
Let q(g) = -57*g + 825. What is q(15)?
-30
Let q(z) = z**3 + 9*z**2 + 7*z - 76. Give q(-6).
-10
Let b(s) = -2*s**3 + 5*s**2 + 2*s + 60. Determine b(-7).
977
Let s(k) = -26*k**2 + 2469*k + 85. Determine s(95).
-10
Let p(k) = -k**2 - k + 7. Determine p(6).
-35
Let k(p) = 808*p + 40387. What is k(-50)?
-13
Let a(s) = s**2 + 3*s - 160. Give a(-12).
-52
Let g(q) = q**3 - 16*q**2 - 51*q + 984. Determine g(15).
-6
Let w(t) = 2*t**3 - 57*t**2 + 6*t + 125. What is w(28)?
-491
Let i(v) = 8221*v - 24651. Give i(3).
12
Let g(b) = b**3 - 13*b**2 - 19*b + 231. Determine g(13).
-16
Let m(z) = z**2 - 13*z - 170. Determine m(22).
28
Let h(a) = -4*a - 356. What is h(14)?
-412
Let u(k) = -139*k - 1941. Calculate u(-14).
5
Let n(u) = 9*u**2 + 12*u - 97. What is n(4)?
95
Let y(m) = -5*m**2 - 19*m - 62. Calculate y(-3).
-50
Let i(k) = k**3 + 47*k**2 + 168*k - 166. Determine i(-43).
6
Let f(u) = u**2 + 10*u - 8. Give f(-10).
-8
Let q(o) = o**3 + 19*o**2 + 23*o + 71. Calculate q(-18).
-19
Let x(d) = 134*d + 2102. What is x(-16)?
-42
Let l(j) = -4*j**2 - 492*j + 5896. Determine l(-134).
0
Let n(k) = 813*k + 221136. Calculate n(-272).
0
Let o(y) = 6*y**3 + 8*y**2 - 8*y + 8. What is o(-3)?
-58
Let i(p) = p**2 - 27*p - 921. Give i(-20).
19
Let o(i) = 8*i - 164. Determine o(20).
-4
Let b(d) = -d**3 + 4*d**2 + 150*d - 462. What is b(3)?
-3
Let d(q) = -q**3 + 11*q**2 - 11*q + 48. Give d(12).
-228
Let w(f) = 31*f + 409. Give w(-14).
-25
Let c(t) = 388*t + 2705. Give c(-7).
-11
Let s(k) = -38*k - 969. Calculate s(-25).
-19
Let y(o) = o**3 - 32*o**2 - 55*o - 28. Calculate y(34).
414
Let k(c) = -32*c + 233. Calculate k(8).
-23
Let n(f) = 379*f + 17458. Give n(-46).
24
Let k(x) = 3*x**2 + 4*x - 29. What is k(5)?
66
Let m(x) = 233*x - 2322. What is m(10)?
8
Let y(j) = j**3 + 9*j**2 - 37*j - 513. Calculate y(-9).
-180
Let t(d) = 2*d**2 + 18*d - 106. Calculate t(-18).
218
Let w(g) = -118*g + 536. Calculate w(4).
64
Let a(y) = 10*y**2 - 791*y - 2373. What is a(82)?
5
Let j(t) = -13*t**2 + 205*t + 205. Determine j(-1).
-13
Let r(z) = z**3 + 16*z**2 - 18*z - 23. Give r(-17).
-6
Let p(c) = -35*c + 156. Determine p(4).
16
Let n(x) = -x**3 + 14*x**2 - x - 57. Calculate n(13).
99
Let s(n) = n**3 + 2*n**2 + 12*n + 20. What is s(-4)?
-60
Let o(i) = -694*i - 2764. What is o(-4)?
12
Let a(r) = -5*r**3 - 67*r**2 - 222*r + 18. Determine a(-7).
4
Let n(t) = 32*t**2 + 163*t + 27. What is n(-4)?
-113
Let p(u) = 231*u**2 + 109031*u - 467. Calculate p(-472).
5
Let l(n) = 154*n + 71. What is l(2)?
379
Let o(t) = 14*t - 25. Give o(2).
3
Let u(q) = -2*q**3 - 12*q**2 + 34*q + 15. Give u(-8).
-1
Let o(t) = -t**2 - 20*t - 91. What is o(-13)?
0
Let v(a) = a**3 + 7*a**2 + 100. Give v(-8).
36
Let g(o) = 38*o**3 + o**2 - 5*o + 3. Give g(2).
301
Let r(f) = f**2 + 21*f + 64. Give r(-11).
-46
Let d(t) = 6*t**2 + 661*t - 1333. Determine d(2).
13
Let t(a) = -3275*a - 16380. Give t(-5).
-5
Let m(n) = -n**3 + 7*n**2 + 71*n - 66. Determine m(13).
-157
Let q(x) = -246*x**2 - 57*x + 59. What is q(1)?
-244
Let n(a) = -6344*a + 50761. Calculate n(8).
9
Let s(r) = -59*r - 303. Give s(-7).
110
Let z(y) = -57*y + 398. What is z(7)?
-1
Let d(p) = -119*p - 297. What is d(-3)?
60
Let s(r) = 10*r**3 + 822*r**2 + 165*r + 83. Give s(-82).
1
Let a(j) = -4*j**2 + 44*j + 54. Determine a(12).
6
Let s(k) = 1015*k + 1010. Determine s(-1).
-5
Let f(m) = -2*m**3 + 26*m**2 - 21*m - 37. What is f(12)?
-1
Let m(a) = -a**3 + 17*a**2 - 60*a + 1407. What is m(18)?
3
Let n(u) = -33*u + 213. Calculate n(7).
-18
Let d(r) = -r**2 - 2*r + 30. Give d(-15).
-165
Let s(k) = 6*k**2 - 177*k + 395. Determine s(27).
-10
Let v(z) = 346*z - 345. Give v(1).
1
Let y(f) = f**2 - 12*f - 83. Calculate y(32).
557
Let q(x) = -4*x**2 - 733*x + 524. Give q(-184).
-28
Let l(q) = 3*q**3 + 10*q**2 + 443*q + 1762. Calculate l(-4).
-42
Let v(h) = 40*h + 985. Calculate v(-25).
-15
Let l(a) = 7*a**2 + 43*a - 209. What is l(-9)?
-29
Let g(j) = 65*j - 36. What is g(3)?
159
Let b(v) = -72*v**2 - 5331*v - 216. What is b(-74)?
6
Let b(t) = t**2 - 7*t - 174. Give b(-11).
24
Let l(c) = -8*c**3 - 39*c**2 - 42*c - 290. What is l(-5)?
-55
Let t(c) = -110*c - 6386. Give t(-58).
-6
Let z(o) = -14*o**3 - 634*o**2 - 178*o + 95. Give z(-45).
5
Let u(a) = 13*a + 21. Determine u(-32).
-395
Let x(a) = 19*a**3 + 6*a**2 + 14*a - 19. What is x(1)?
20
Let s(q) = 1866*q + 154881. Calculate s(-83).
3
Let p(v) = -v**3 + 41*v**2 + 118*v + 599. Determine p(44).
-17
Let p(s) = -26*s - 1657. What is p(-67)?
85
Let s(w) = w**3 + 13*w**2 + 12*w - 85. Calculate s(-12).
-85
Let z(f) = 21*f + 60. Determine z(-5).
-45
Let r(d) = -d**2 + 96*d + 926. Determine r(-9).
-19
Let t(b) = 4*b**3 - 531*b**2 - 134*b + 130. Determine t(133).
-3
Let d(m) = -3*m**2 + 119*m - 397. Give d(36).
-1
Let t(w) = -2*w**2 - 32*w + 8924. Determine t(59).
74
Let p(s) = 6*s**2 + 3*s - 7. What is p(4)?
101
Let i(r) = -r**3 + 31*r**2 - 22*r - 137. Give i(30).
103
Let h